{"id":1076,"date":"2015-09-06T11:23:24","date_gmt":"2015-09-06T09:23:24","guid":{"rendered":"http:\/\/www.rad-fahren.at\/radanhaenger_wp1\/?page_id=1076"},"modified":"2025-01-30T09:12:08","modified_gmt":"2025-01-30T08:12:08","slug":"agb","status":"publish","type":"page","link":"https:\/\/www.rad-fahren.at\/radanhaenger_wp1\/agb\/","title":{"rendered":"AGB"},"content":{"rendered":"<h4 class=\"s22grau\">Allgemeine Gesch\u00e4ftsbedingungen<br \/>\nder Radanh\u00e4nger Zentrale Karl Zauner<\/h4>\n<h5 class=\"fett\">1. Geltung<\/h5>\n<p>a. Diese allgemeinen Gesch\u00e4ftsbedingungen, in der Folge kurz AGB, liegen s\u00e4mtlichen von Karl Zauner, mit dem K\u00e4ufer\/der K\u00e4uferin &#8211; in der Folge Vertragspartner genannt &#8211; abgeschlossenen Vertr\u00e4ge zugrunde, insbesondere auch (fern-) m\u00fcndlich, per Fax, via email oder im online-Gesch\u00e4ft zustandegekommenen. Sie haben G\u00fcltigkeit f\u00fcr die gesamte gegenw\u00e4rtige und zuk\u00fcnftige Gesch\u00e4ftsverbindung mit der Karl Zauner.<\/p>\n<p>b. Von diesen AGB abweichende allgemeine Gesch\u00e4ftsbedingungen, etwa solche des Vertragspartners, sind f\u00fcr Karl Zauner nur verbindlich, wenn zu diesen eine ausdr\u00fcckliche schriftliche Zustimmung von Karl Zauner vorliegt (firmam\u00e4\u00dfige Zeichnung).<\/p>\n<h5>2. Produkte und Preise<\/h5>\n<p>Alle Produktangebote von Karl Zauner gelten vorbehaltlich eventueller Modell- und Design\u00e4nderungen.<br \/>\nAus irrt\u00fcmlich unrichtigen Angaben k\u00f6nnen keine rechtlichen Anspr\u00fcche abgeleitet werden.<br \/>\nAlle Preise gelten vorbehaltlich Preiserh\u00f6hungen seitens unserer Vorlieferanten.<\/p>\n<p>Die von Karl Zauner dem Vertragspartner schriftlich bekanntgegebenen Preise sind freibleibend; sie verstehen sich inklusive der gesetzlichen Umsatzsteuer sofern nicht anders bekanntgegeben.<br \/>\nAlle angegebenen Preise in EURO (\u20ac).<\/p>\n<p>Der Vertrag wird jedenfalls zu dem im Bestellzeitpunkt aktuellen Preis abgeschlossen, auch wenn eine allf\u00e4llige Preis\u00e4nderung gegen\u00fcber den bekanntgegebenen Listenpreisen nicht mitgeteilt worden ist. Der Vertragspartner ist daher berechtigt und verpflichtet, den aktuell g\u00fcltigen Preis anl\u00e4sslich des Vertragsabschlusses bei Karl Zauner zu erfragen.<\/p>\n<p>\u00c4ndert sich der Preis, zu dem Karl Zauner den Kaufgegenstand vom Lieferanten bezieht, zwischen Bestell- und Liefertag (gem\u00e4\u00df dem Vertrag zwischen Karl Zauner und dem Vertragspartner) um mehr als 5%, ist Karl Zauner berechtigt, den Kaufpreis entsprechend anzupassen. In diesem Fall wird der Vertragspartner von Karl Zauner vor Auslieferung des Kaufgegenstandes \u00fcber die Preiserh\u00f6hung verst\u00e4ndigt und der Vertragspartner ist berechtigt, vom Vertrag zur\u00fcckzutreten. Nimmt er dieses Recht nicht in Anspruch, ist er verpflichtet, den erh\u00f6hten Preis zu bezahlen.<\/p>\n<p>Alle Angebote gelten vorbehaltlich eventueller Schreib- und Druckfehler.<\/p>\n<p>Rabattangebote k\u00f6nnen nicht summiert werden. F\u00fcr Aktionspreise ist kein Rabattangebot g\u00fcltig.<\/p>\n<h5 class=\"fett\">3. Zahlungsbedingungen, Zahlungsverzug<\/h5>\n<p>a. Der Kaufpreis ist bei Abholung bar zu bezahlen. Im Falle einer Bestellung ist der vollst\u00e4ndige Kaufpreis als Vorauszahlung mittels Bank\u00fcberweisung zu begleichen.<\/p>\n<p>b. F\u00fcr den Falle, dass sich durch gesonderte Zahlungsvereinbarung ein Zahlungsverzug des Vertragspartners ergibt, ist Karl Zauner berechtigt, Verzugszinsen in H\u00f6he von 10 % p.a. zu verrechnen; dadurch werden weder Anspr\u00fcche auf Ersatz h\u00f6herer Zinsen noch auf Ersatz eines sonstigen h\u00f6heren Schadens beeintr\u00e4chtigt.<\/p>\n<p>c. Der Vertragspartner verpflichtet sich f\u00fcr den Fall des Zahlungsverzuges, Karl Zauner entstehenden Mahn- und Inkassospesen, soweit sie zur zweckentsprechenden Rechtsverfolgung notwendig sind, zu ersetzen. Er verpflichtet sich im speziellen, maximal die Verg\u00fctungen des eingeschalteten Inkassoinstitutes zu ersetzen, die sich aus der Verordnung des BMwA \u00fcber die H\u00f6chsts\u00e4tze der Inkassoinstituten geb\u00fchrenden Verg\u00fctungen ergeben. Sofern Karl Zauner das Mahnwesen selbst betreibt, verpflichtet sich der Vertragspartner, pro erfolgter Mahnung einen Betrag von \u20ac 15 sowie f\u00fcr die Evidenzhaltung des Schuldverh\u00e4ltnisses im Mahnwesen pro Monat einen Betrag von \u20ac 5 zu bezahlen.<br \/>\nDie erste Mahnung erfolgt nach 7 Tagen. In der Folge kann der Vertragspartner alle 14 Tage eine Mahnung erhalten.<\/p>\n<p>Dar\u00fcberhinaus ist jeder weitere Schaden, insbesondere auch der Schaden, der dadurch entsteht, dass infolge Nichtzahlung entsprechend h\u00f6here Zinsen auf allf\u00e4lligen Kreditkonten von Karl Zauner anfallen, unabh\u00e4ngig vom Verschulden am Zahlungsverzug zu ersetzen.<\/p>\n<p>d. Eine Aufrechnung gegen die Anspr\u00fcche von Karl Zauner mit Gegenforderungen des Vertragspartners, welcher Art auch immer, ist ausgeschlossen.<\/p>\n<h5 class=\"fett\">4. Transport, Gefahrtragung<\/h5>\n<p>a. Die Gefahr geht auf den Vertragspartner \u00fcber, sobald der Kaufgegenstand an die den Transport ausf\u00fchrende Person\/Firma \u00fcbergeben worden ist.<\/p>\n<p>b. Eventuelle Transportkosten tr\u00e4gt der Vertragspartner.<\/p>\n<p>c. Der Versand erfolgt nur nach Vereinbarung und nur innerhalb \u00d6sterreichs.<\/p>\n<h5 class=\"fett\">5. Eigentumsvorbehalt<\/h5>\n<p>a. Der Kaufgegenstand bleibt bis zur vollst\u00e4ndigen Bezahlung des Kaufpreises einschlie\u00dflich aller Nebenforderungen im Eigentum von Karl Zauner.<\/p>\n<p>b. In der Geltendmachung des Eigentumsvorbehalts liegt nur dann ein R\u00fccktritt vom Vertrag vor, wenn dieser ausdr\u00fccklich schriftlich von Karl Zauner erkl\u00e4rt wird (firmam\u00e4\u00dfige Zeichnung).<\/p>\n<p>c. Der Vertragspartner ist nicht berechtigt, den (noch) im Eigentum von Karl Zauner stehenden Kaufgegenstand zu verpf\u00e4nden oder an Dritte zur Sicherheit zu \u00fcbergeben. Er ist weiters verpflichtet, den Kaufgegenstand bis zur vollst\u00e4ndigen Bezahlung des Kaufpreises pfleglich zu behandeln.<\/p>\n<h5 class=\"fett\">6. Leistungsverzug<\/h5>\n<p>Lieferfristen und -termine sind nur dann verbindlich, wenn sie von Karl Zauner ausdr\u00fccklich schriftlich (firmam\u00e4\u00dfige Zeichnung) als verbindlich bezeichnet werden.<\/p>\n<h5 class=\"fett\">7. Lieferausfall \/ Verz\u00f6gerungen<\/h5>\n<p>Es kann sein, dass bestimmte angebotenen Produkte kurzfristig nicht lieferbar sind oder vom Lieferanten aus dem Lieferprogram genommen wurden. Daf\u00fcr haftet Karl Zauner nicht.<\/p>\n<h5 class=\"fett\">8. Produkthaftung<\/h5>\n<p>Allf\u00e4llige Regressforderungen, die der Vertragspartner oder Dritte aus dem Titel &#8222;Produkthaftung&#8220; im Sinne des Produkthaftungsgesetzes gegen Karl Zauner richten, sind ausgeschlossen.<\/p>\n<h5 class=\"fett\">9. Gew\u00e4hrleistung\/Haftung<\/h5>\n<p>a. Der Kaufgegenstand ist nach der \u00dcbergabe vom Vertragspartner unverz\u00fcglich zu untersuchen. Dabei festgestellte M\u00e4ngel sind unverz\u00fcglich, sp\u00e4testens aber innerhalb von 7 Tagen nach der \u00dcbergabe unter Bekanntgabe von Art und Umfang des Mangels der GmbH schriftlich anzuzeigen.<\/p>\n<p>Verdeckte M\u00e4ngel sind unverz\u00fcglich nach ihrer Entdeckung zu r\u00fcgen. Wird eine M\u00e4ngelr\u00fcge nicht oder nicht rechtzeitig erhoben, gilt der Kaufgegenstand als genehmigt. Die Geltendmachung von Gew\u00e4hrleistungs- oder Schadenersatzanspr\u00fcchen, sowie das Recht auf Irrtumsanfechtung, aufgrund von M\u00e4ngeln, sind in diesen F\u00e4llen ausgeschlossen.<\/p>\n<p>b. <span class=\"fett\">Die Gew\u00e4hrleistung ist gesetzlich geregelt.<\/span><br \/>\nHier sind die Anspr\u00fcche und Fristen beschrieben:<br \/>\n\u2022\u00a0 <a href=\"https:\/\/www.wko.at\/Content.Node\/Service\/Wirtschaftsrecht-und-Gewerberecht\/Allgemeines-Zivil--und-Vertragsrecht\/Gewaehrleistung\/Garantie\/Schadensersatz\/Haftung\/Gewaehrleistung_und_Konsumentenschutz_-_Allgemeiner_Ueberb.html\" target=\"_blank\" rel=\"noopener\">WKO\/Gew\u00e4hrleistung<\/a><br \/>\n\u2022\u00a0 <a href=\"http:\/\/wien.arbeiterkammer.at\/beratung\/konsumentenschutz\/einkaufundrecht\/Gewaehrleistung.html\" target=\"_blank\" rel=\"noopener\">AK\/Gew\u00e4hrleistung<\/a><\/p>\n<p>c. In erster Linie ist Karl Zauner nach eigener Wahl zur Verbesserung oder zum Austausch des Kaufgegenstandes verpflichtet, wenn ein von ihr zu vertretender Mangel vorliegt.<\/p>\n<p>d. Durch nat\u00fcrliche Abnutzung oder unsachgem\u00e4\u00dfe Benutzung hervorgerufene Zust\u00e4nde des Kaufgegenstandes k\u00f6nnen keinesfalls Gew\u00e4hrleistungs- oder Schadenersatzanspr\u00fcche begr\u00fcnden.<\/p>\n<p>e. Eine Haftung f\u00fcr Sch\u00e4den am Kaufgegenstand infolge der Mangelhaftigkeit sowie f\u00fcr Mangelfolgesch\u00e4den ist ausgeschlossen.<\/p>\n<p>f. Karl Zauner haftet in allen sonstigen F\u00e4llen nur bei Vorliegen von grober Fahrl\u00e4ssigkeit oder Vorsatz. Die Haftung bei leichter Fahrl\u00e4ssigkeit ist jedenfalls ausgeschlossen.<\/p>\n<h5 class=\"fett\">10. Warenr\u00fccksendungen<\/h5>\n<p>Bestellte und von Karl Zauner vertragsgem\u00e4\u00df ausgelieferte Ware kann grunds\u00e4tzlich nicht mehr zur\u00fcckgenommen oder umgetauscht werden.<br \/>\nWare, f\u00fcr die ein Rabatt gew\u00e4hrt wurde kann ebenso\u00a0grunds\u00e4tzlich nicht mehr zur\u00fcckgenommen oder umgetauscht werden.<br \/>\nWird Ware ausnahmsweise nach Absprache mit Karl Zauner zur\u00fcckgesendet, so gilt diese nur unter der Bedingung als zur\u00fcckgenommen, dass die R\u00fccktransportkosten vom Zur\u00fccksendenden bezahlt worden sind und Karl Zauner nach Erhalt der Ware der R\u00fccknahme ausdr\u00fccklich schriftlich zustimmt (firmam\u00e4\u00dfige Zeichnung).<br \/>\nErfolgt diese Zustimmung nicht, ist der Zur\u00fccksendende verpflichtet, die Ware auf seine Kosten von Karl Zauner wieder abzuholen, und trifft Karl Zauner keine Verpflichtung zur R\u00fcckzahlung des Kaufpreises.<\/p>\n<h5 class=\"fett\">11. Gerichtsstand<\/h5>\n<p>Zur Entscheidung aller aus dem Vertrag mit dem Vertragspartner entstehenden Streitigkeiten ist das am Sitz des Unternehmens von Karl Zauner sachlich zust\u00e4ndige Gericht ausschlie\u00dflich \u00f6rtlich zust\u00e4ndig.<\/p>\n","protected":false},"excerpt":{"rendered":"<p>Allgemeine Gesch\u00e4ftsbedingungen der Radanh\u00e4nger Zentrale Karl Zauner 1. Geltung a. Diese allgemeinen Gesch\u00e4ftsbedingungen, in der Folge kurz AGB, liegen s\u00e4mtlichen von Karl Zauner, mit dem K\u00e4ufer\/der K\u00e4uferin &#8211; in der Folge Vertragspartner genannt &#8211; abgeschlossenen Vertr\u00e4ge zugrunde, insbesondere auch (fern-)<\/p>\n","protected":false},"author":1,"featured_media":0,"parent":0,"menu_order":0,"comment_status":"closed","ping_status":"closed","template":"","meta":{"footnotes":""},"class_list":["post-1076","page","type-page","status-publish","hentry"],"_links":{"self":[{"href":"https:\/\/www.rad-fahren.at\/radanhaenger_wp1\/wp-json\/wp\/v2\/pages\/1076","targetHints":{"allow":["GET"]}}],"collection":[{"href":"https:\/\/www.rad-fahren.at\/radanhaenger_wp1\/wp-json\/wp\/v2\/pages"}],"about":[{"href":"https:\/\/www.rad-fahren.at\/radanhaenger_wp1\/wp-json\/wp\/v2\/types\/page"}],"author":[{"embeddable":true,"href":"https:\/\/www.rad-fahren.at\/radanhaenger_wp1\/wp-json\/wp\/v2\/users\/1"}],"replies":[{"embeddable":true,"href":"https:\/\/www.rad-fahren.at\/radanhaenger_wp1\/wp-json\/wp\/v2\/comments?post=1076"}],"version-history":[{"count":6,"href":"https:\/\/www.rad-fahren.at\/radanhaenger_wp1\/wp-json\/wp\/v2\/pages\/1076\/revisions"}],"predecessor-version":[{"id":5584,"href":"https:\/\/www.rad-fahren.at\/radanhaenger_wp1\/wp-json\/wp\/v2\/pages\/1076\/revisions\/5584"}],"wp:attachment":[{"href":"https:\/\/www.rad-fahren.at\/radanhaenger_wp1\/wp-json\/wp\/v2\/media?parent=1076"}],"curies":[{"name":"wp","href":"https:\/\/api.w.org\/{rel}","templated":true}]}}