{"id":5,"date":"2015-07-13T15:58:00","date_gmt":"2015-07-13T13:58:00","guid":{"rendered":"http:\/\/www.rad-fahren.at\/radanhaenger_wp1\/?page_id=5"},"modified":"2020-09-06T11:40:02","modified_gmt":"2020-09-06T09:40:02","slug":"impressum","status":"publish","type":"page","link":"https:\/\/www.rad-fahren.at\/radanhaenger_wp1\/impressum\/","title":{"rendered":"Impressum"},"content":{"rendered":"<h4><span class=\"s18\">Die Radanh\u00e4nger Zentrale<\/span><\/h4>\n<p>&nbsp;<\/p>\n\n<table id=\"tablepress-81\" class=\"tablepress tablepress-id-81\">\n<tbody class=\"row-striping row-hover\">\n<tr class=\"row-1\">\n\t<td class=\"column-1\">Inhaber:<\/td><td class=\"column-2\">Karl Zauner<\/td>\n<\/tr>\n<tr class=\"row-2\">\n\t<td class=\"column-1\">Adresse:<\/td><td class=\"column-2\">Roseggergasse 13<br \/>\n2700 Wiener Neustadt<br \/>\n\u00d6sterreich \/ Austria<br \/>\n<\/td>\n<\/tr>\n<tr class=\"row-3\">\n\t<td class=\"column-1\">Telefon: <\/td><td class=\"column-2\">0043 680 112 94 15<\/td>\n<\/tr>\n<tr class=\"row-4\">\n\t<td class=\"column-1\">\u00d6ffnungszeiten:<\/td><td class=\"column-2\">Nach Terminvereinbarung.<br \/>\nBitte vereinbaren Sie vor einem Besuch <br \/>\nbei uns einen Termin \u2013 dieser kann auch <br \/>\nan einem Wochenende oder abends sein.<\/td>\n<\/tr>\n<tr class=\"row-5\">\n\t<td class=\"column-1\">Art des Betriebes und<br \/>\nWirtschaftskammerinfo:<\/td><td class=\"column-2\">Einzelfirma \u00b7 Gr\u00fcndung 29. August 2012<br \/>\nMehr Informationen auf den Seiten der<br \/>\n<a href=\"http:\/\/www.wkoecg.at\/Web\/Ecg.aspx?FirmaID=1e2ac941-e465-413e-95f4-a4c6cca01b12&amp;AspxAutoDetectCookieSupport=1\" target=\"_blank\" rel=\"noopener noreferrer\">Wirtschaftkammer \u00d6sterreich<\/a> \u00b7 WKO.at<\/td>\n<\/tr>\n<tr class=\"row-6\">\n\t<td class=\"column-1\">Finanzamt:<\/td><td class=\"column-2\">Neunkirchen + Wiener Neustadt <br \/>\nSteuer-Nummer: 350\/3225<\/td>\n<\/tr>\n<tr class=\"row-7\">\n\t<td class=\"column-1\">Umsatzsteuer-<br \/>\nIdentifikation<\/td><td class=\"column-2\">ATU 406 945 02<\/td>\n<\/tr>\n<tr class=\"row-8\">\n\t<td class=\"column-1\">Gericht:<\/td><td class=\"column-2\">Gerichtsstandort ist das zust\u00e4ndige Gericht <br \/>\nf\u00fcr den Firmensitz von Karl Zauner<\/td>\n<\/tr>\n<\/tbody>\n<\/table>\n<!-- #tablepress-81 from cache -->\n<p>&nbsp;<\/p>\n<h5>Gesetzlicher Hinweis<\/h5>\n<p>Karl Zauner freut sich \u00fcber Deinen Besuch auf dieser Website und Dein Interesse an der Radanh\u00e4nger Zentrale. Du wirst eventuell um die Angabe pers\u00f6nlicher Informationen gebeten. Die Beantwortung dieser Fragen ist freiwillig.<\/p>\n<p>S\u00e4mtliche auf der Website erhobenen pers\u00f6nlichen Daten werden ausschlie\u00dflich zu Deiner individuellen Betreuung, der \u00dcbersendung von Informationen oder der Unterbreitung von Serviceangeboten gespeichert, verarbeitet. Ich sichere Dir zu, da\u00df Deine Angaben entsprechend den geltenden datenschutzrechtlichen Bestimmungen vertraulich behandelt werden.<\/p>\n<p>&nbsp;<\/p>\n<h5>Copyright<\/h5>\n<p>Alle Rechte vorbehalten. Text, Bilder, Grafiken, Sound, Animationen und Videos sowie<br \/>\nderen Anordnung auf den Websites unterliegen dem Schutz des Urheberrechts und anderer Schutzgesetze.<br \/>\nDer Inhalt dieser Website darf nicht zu kommerziellen Zwecken kopiert, verbreitet, ver\u00e4ndert oder Dritten zug\u00e4nglich gemacht werden.<\/p>\n<p>&nbsp;<\/p>\n<h5>Haftungsausschlu\u00df<\/h5>\n<p>Diese Website wurde mit gr\u00f6\u00dftm\u00f6glicher Sorgfalt zusammengestellt. Trotzdem kann ich &#8211; Karl Zauner &#8211; f\u00fcr die Fehlerfreiheit und Genauigkeit der enthaltenen Informationen nicht garantieren. Ich schlie\u00dfe jegliche Haftung f\u00fcr Sch\u00e4den, die direkt oder indirekt aus der Benutzung dieser Website entstehen, aus.<\/p>\n<p>Wichtiger Hinweis zu allen Links:<br \/>\nAuch wenn ich gro\u00dfe Sorgfalt darauf verwende, Ihnen qualitativ gute Links anzubieten, erkl\u00e4re ich hiermit, dass ich f\u00fcr die Inhalte der verlinkten Sites keine Verantwortung \u00fcbernehme und mir diese nicht zu eigen mache. Diese Erkl\u00e4rung gilt f\u00fcr alle auf dieser Website angebrachten Links. In keinem Fall bin ich verantwortlich f\u00fcr die Inhalte von Internetseiten, die auf meine Seiten verweisen. Ich bin auch nicht in der Lage, Verweise auf uns festzustellen oder zu \u00fcberpr\u00fcfen.<br \/>\nIch habe ferner keinen Einflu\u00df darauf, wie die hier angebotenen Informationen vom Nutzer verwendet, weitergegeben oder ver\u00e4ndert weitergegeben werden und kann daher f\u00fcr entstandene Sch\u00e4den, entgangene Vorteile oder sonstige mittelbare oder unmittelbare Folgen, welche aus der Nutzung der hier angebotenen Informationen entstehen, nicht haftbar gemacht werden.<\/p>\n<p>&nbsp;<\/p>\n","protected":false},"excerpt":{"rendered":"<p>Die Radanh\u00e4nger Zentrale &nbsp; &nbsp; Gesetzlicher Hinweis Karl Zauner freut sich \u00fcber Deinen Besuch auf dieser Website und Dein Interesse an der Radanh\u00e4nger Zentrale. Du wirst eventuell um die Angabe pers\u00f6nlicher Informationen gebeten. Die Beantwortung dieser Fragen ist freiwillig. S\u00e4mtliche<\/p>\n","protected":false},"author":1,"featured_media":0,"parent":0,"menu_order":0,"comment_status":"closed","ping_status":"open","template":"","meta":{"footnotes":""},"class_list":["post-5","page","type-page","status-publish","hentry"],"_links":{"self":[{"href":"https:\/\/www.rad-fahren.at\/radanhaenger_wp1\/wp-json\/wp\/v2\/pages\/5","targetHints":{"allow":["GET"]}}],"collection":[{"href":"https:\/\/www.rad-fahren.at\/radanhaenger_wp1\/wp-json\/wp\/v2\/pages"}],"about":[{"href":"https:\/\/www.rad-fahren.at\/radanhaenger_wp1\/wp-json\/wp\/v2\/types\/page"}],"author":[{"embeddable":true,"href":"https:\/\/www.rad-fahren.at\/radanhaenger_wp1\/wp-json\/wp\/v2\/users\/1"}],"replies":[{"embeddable":true,"href":"https:\/\/www.rad-fahren.at\/radanhaenger_wp1\/wp-json\/wp\/v2\/comments?post=5"}],"version-history":[{"count":8,"href":"https:\/\/www.rad-fahren.at\/radanhaenger_wp1\/wp-json\/wp\/v2\/pages\/5\/revisions"}],"predecessor-version":[{"id":1037,"href":"https:\/\/www.rad-fahren.at\/radanhaenger_wp1\/wp-json\/wp\/v2\/pages\/5\/revisions\/1037"}],"wp:attachment":[{"href":"https:\/\/www.rad-fahren.at\/radanhaenger_wp1\/wp-json\/wp\/v2\/media?parent=5"}],"curies":[{"name":"wp","href":"https:\/\/api.w.org\/{rel}","templated":true}]}}